ultiple of 15?
True
Let z be 218/4 + (-3)/6. Suppose 0*l + z = 2*t + 3*l, 0 = -5*t - l + 122. Does 8 divide t?
True
Let j be 75 - (0 + -1) - -2. Suppose 3*s - 6*s = -j. Let w = s - 17. Does 8 divide w?
False
Suppose 5*w - 416 = -2*h - 58, 5*w - 5*h - 365 = 0. Suppose -3*y - y + w = 0. Is y a multiple of 14?
False
Let v(j) = j**2 + 3. Is 13 a factor of v(7)?
True
Let u(v) be the first derivative of -v**3/3 + 7*v**2/2 - 2*v + 4. Let n be 6 + 0*1/2. Is u(n) a multiple of 2?
True
Let j(s) = -s - 8. Let c be j(-6). Let t be (4/6)/(c/(-3)). Does 15 divide (-242)/(-8) + t/(-4)?
True
Let m = -15 - -39. Is 4 a factor of m?
True
Suppose 2659 = 9*g + 859. Is g a multiple of 20?
True
Suppose 0 = -h - 5*n + 4, -2*n - 4 = -4*n. Let b = 22 + h. Does 7 divide b?
False
Let g(l) = 4*l**2 + 17 + 2*l**2 - 2*l**2 + 13*l - 3*l**2. Is 5 a factor of g(-13)?
False
Suppose 0 = -0*h + 5*h - 1240. Does 31 divide h?
True
Let v = -16 - -23. Does 5 divide v?
False
Suppose -4*j = 6 + 14. Let n = j - -34. Suppose 2*y - n - 47 = 0. Is 16 a factor of y?
False
Let b = -80 + 44. Is (b/15)/((-2)/15) a multiple of 9?
True
Suppose 2*p - 52 = -2*p. Let j be (-4)/6 + (-28)/(-6). Suppose 5*x - 3*z - p = x, 12 = j*x - 4*z. Does 4 divide x?
True
Suppose -3 + 18 = 5*j. Suppose j*i - 60 = -2*i. Does 12 divide i?
True
Suppose 0*z = 3*j - 2*z - 12, 4*j + 5*z - 16 = 0. Is 22 a factor of ((-4)/j)/((-1)/53)?
False
Suppose -117 = -3*z - 3*t, -z - t + 115 = 2*z. Is 19 a factor of z?
True
Is 4 a factor of (28/(-6))/(9/(-27)) + 2?
True
Does 5 divide (-4 - -10)*-1 - -68?
False
Is 24 a factor of (4/3)/((-3)/(-324))?
True
Suppose 0 = 2*m - 22 + 10. Suppose m = -z + 3*z. Suppose 4*a = -5*k + 73, 30 - 3 = a + z*k. Is a a multiple of 6?
True
Suppose -t + 2 = 0, -3*t + 67 = 5*r - 49. Suppose 2*z - 78 - 14 = 0. Suppose 5*j + v = z, -3*v + r + 16 = 5*j. Does 6 divide j?
False
Let k be (-2)/1 - (-31 - -2). Let j be (-18)/k*66/2. Let c = -5 - j. Is 16 a factor of c?
False
Is 46 a factor of ((-1236)/(-9))/((-2)/(-3))?
False
Suppose -5*x + 149 = -g, -x + 2*g + 32 = -5. Does 6 divide x?
False
Let w = -19 + -17. Let o = 31 - w. Suppose 3*r - o = 29. Is r a multiple of 13?
False
Suppose -2*s + 4 = 2*s + 2*o, -2*o = -2*s + 2. Let n be s + 6/(-3) - -3. Suppose 3*r = 4*q - 15, -33 = n*q - 7*q - r. Is q a multiple of 6?
True
Suppose 2*a - 3 - 5 = 0. Suppose -a*l + 22 = 2*k, 3*k + l + 4*l - 29 = 0. Is k a multiple of 2?
False
Let d be 6/(-2 + 3) + -2. Let b be (-100)/(-4)*(1 + d). Let a = -87 + b. Does 19 divide a?
True
Suppose -i - 8 = -3*i. Suppose i*b = -b - 10. Is 10 a factor of 76/8 + (-1)/b?
True
Suppose 0 = 5*k - 34 + 9. Is 3 a factor of k?
False
Let h = 11 + -8. Suppose -h*p = -10 - 5. Let o = p - 1. Does 4 divide o?
True
Let j(r) be the first derivative of 5*r**2 + 4. Is j(4) a multiple of 10?
True
Suppose -4*t + 15 = c - 3, -2*t - 5*c + 18 = 0. Suppose -m = 3*m - t. Is 15 a factor of (0 - -2) + 13*m?
True
Suppose -5*r = -8*r. Let t(w) = w**2 + w + 2. Let a be t(r). Suppose -a*n + 7*n = 75. Is n a multiple of 10?
False
Suppose -50 = -5*d + 4*d. Let r = d - 26. Does 12 divide r?
True
Is (-6)/(1/(-15)*3) a multiple of 10?
True
Let z be 18/(-6) + 4/(-2). Let f be (-202)/z + (-2)/5. Let j = f - 26. Does 7 divide j?
True
Let v(d) = -d**2 - 10*d - 1. Suppose 4*z + 5*n = -2 - 3, -4*n = 4*z + 4. Suppose 4*x + 28 = -2*l, 3*x + z*l - 3*l + 30 = 0. Is v(x) a multiple of 6?
False
Let m(d) be the second derivative of 22*d**3/3 - d**2/2 + d. Let w be m(1). Let f = -9 + w. Is f a multiple of 13?
False
Let z be ((-2)/(-2))/((-2)/(-14)). Suppose 13 = 5*h - z. Suppose 8*m + h*q - 128 = 3*m, -2*m + 4*q + 68 = 0. Is 10 a factor of m?
False
Let d(b) = 2*b**2 + 16*b - 36. Is d(3) a multiple of 10?
True
Suppose 2*u - 18 = 54. Does 18 divide u?
True
Is (-158)/(-8) - 3/(-12) a multiple of 6?
False
Suppose 0 = -4*u + 6 + 2. Suppose -4*b + u*b + 8 = 0. Suppose 65 = 2*o + j, 2*j - 127 = -b*o - j. Is o a multiple of 17?
True
Suppose 2*v + 483 = 9*v. Suppose 4*f = f + v. Does 23 divide f?
True
Let n be ((-4)/8)/((-1)/14). Suppose 0*j + 5*j - 2*r - 30 = 0, -r = 3*j - n. Is j a multiple of 2?
True
Let k(d) = -d**2 + 7*d - 3. Let q be k(3). Let a be (21/q)/(2/(-24)). Is 11 a factor of -3 + (a/2)/(-1)?
True
Suppose 75 = -37*a + 38*a. Is a a multiple of 5?
True
Suppose t + 2 = 2*t. Is 10 a factor of -27*(-8)/12 + t?
True
Suppose 4*k + 41 = -3*c, -2 = k - 4*c - 6. Let j be (-500)/k - 1/2. Suppose -66 - j = -4*r. Does 16 divide r?
True
Let x(q) = 28*q**3 + 2*q**2 - q. Let h be x(1). Suppose 4*t = -h + 141. Let d = t + -11. Is d a multiple of 9?
False
Suppose -2*p = -o - 4, -2*p + o = p - 7. Suppose -p*x + 6*x = 150. Is x a multiple of 13?
False
Suppose -2 = -3*j - 4*l, -2*l = -3*j - 0*l + 8. Suppose 5*o = j*o + 159. Let i = o + -12. Is 12 a factor of i?
False
Let i be 1/6 + 1246/12. Suppose -3*n = -85 - i. Is n a multiple of 20?
False
Suppose 12*z - 9*z = 84. Is 3 a factor of z?
False
Let p(u) be the first derivative of 29*u + 1/4*u**4 + 1/3*u**3 + 1/2*u**2 + 1. Is p(0) a multiple of 16?
False
Let b be (-1)/((-4)/8) - -53. Suppose -b = 4*o - 9*o. Is o a multiple of 8?
False
Suppose -8*n = -3*n - 115. Is n a multiple of 23?
True
Let w be (5 - 3) + 4 - 4. Suppose 0 = w*s - 15 - 1. Is s a multiple of 8?
True
Let x(r) = 5*r**2 - r + 1. Let j be x(1). Suppose j*z = z. Suppose 2*b - b - 21 = z. Is b a multiple of 6?
False
Does 9 divide (26 + -2)/2*3/4?
True
Let h be (-4)/10 - 26/10. Let r be h/(1 - (-5)/(-2)). Suppose -100 = -4*t - 4*u, -r*u + 88 = 4*t - u. Is 10 a factor of t?
False
Suppose 6*o - 15 = 3*o. Suppose 2*x - 131 = 5*f - 5, 0 = -o*x + 3*f + 315. Is x a multiple of 24?
False
Let m(g) = 3*g - 2. Let o(s) = 30*s - 21. Let y(t) = 21*m(t) - 2*o(t). Is 9 a factor of y(3)?
True
Suppose 0*q + 2*a + 6 = -5*q, 4*a = -3*q - 12. Suppose -g + 4*g - 180 = q. Does 17 divide g?
False
Let q = -209 + 503. Is 10 a factor of 2/5 + q/15?
True
Let q(a) = -a**2 - 19*a - 12. Is q(-15) a multiple of 12?
True
Suppose y - o - 25 = -0*y, 5*o = -y + 7. Does 22 divide y?
True
Let w(d) = d**2 + 11*d + 4. Let z be w(-10). Is (-111)/(-9) + 2/z a multiple of 5?
False
Let w(u) = 1 - 1 - u**2 - 4*u + 3*u. Let f be w(2). Does 7 divide (-21)/f*4*1?
True
Suppose 2*b = -s - 109, -s + 2*b + 3*b = 74. Does 2 divide s/(-21) - (-4)/14?
False
Let z be 90/21 - 2/7. Let s = 13 + z. Does 13 divide s?
False
Let a(u) be the first derivative of -21*u**2/2 - 5*u + 3. Let s(k) = -22*k - 5. Let g(w) = 6*a(w) - 5*s(w). Is 21 a factor of g(-4)?
False
Suppose -3*w = -6*w + 162. Is 6 a factor of w?
True
Suppose -4*y + 1196 = -r, 2410 = 5*y - 5*r + 930. Does 15 divide y?
True
Suppose 5*h + b + 14 = 0, 0*h - 5*b = -3*h + 14. Let n be 1/h*6/(-1). Let x(w) = 2*w**3 - 4*w**2 + 2*w + 2. Does 13 divide x(n)?
True
Suppose -20 + 2 = -3*i. Does 6 divide i?
True
Let i be -3 - 2/1 - 2. Let k(r) = -4*r - 12. Is 8 a factor of k(i)?
True
Suppose 3*r + v = 4*r - 66, -5*v + 246 = 4*r. Does 16 divide r?
True
Let p(b) = -b**2 + b + 2. Let y be p(2). Suppose y*d = -3*d + 30. Suppose -3*q + d = -8. Is 3 a factor of q?
True
Suppose 0 = -2*y + n + 14, 26 - 7 = 3*y - n. Suppose y*b + 0*b - 250 = 0. Let f = b - 30. Is 10 a factor of f?
True
Let a(g) = g - 3. Let f be a(6). Suppose -2*r + w + f = -2, -4*w + 35 = 3*r. Is 2 a factor of r?
False
Let o = 11 + 5. Suppose -4*n + 8 = 0, -3*l - 4*n = -28 - o. Is l a multiple of 6?
True
Let o = 121 + -79. Is o a multiple of 15?
False
Is 55/2 + 10/20 a multiple of 10?
False
Suppose 5*c - 25 = -3*f, -c + 5*f = 2*c + 19. Suppose -r - 35 = -c*s + 2*r, -s = -4*r - 10. Is 17 a factor of s?
False
Suppose -2*k - 12 = -v + k, 0 = 5*v + 5*k. Suppose 0 = -v*u + 2*u + 52. Does 13 divide u?
True
Suppose -4*v - 9 - 278 = -3*s, 5*v - 3*s = -358. Let d = -36 - v. Is 11 a factor of d?
False
Let j(r) = -7*r - 1. Let z be j(-3). Let n = z - 9. Is n a multiple of 11?
True
Let z = 0 + 5. Suppose 3*k + 27 = 5*n + 2*k, -z*n + 3*k = -31. Suppose -t + n*t = 80. Is 10 a factor of t?
True
Let b = -1 - 4. Let v(g) = -3*g + 0 - 2*g - 1. Is 14 a factor of v(b)?
False
Suppose -32 = 5*r - 377. Is 23 a factor of r?
True
Is 7/(84/(-8)) - (-122)/3 a multiple of 20?
True
Let r = -1 - -1. Suppose r = -3*v + 4 + 11. Suppose 0 = -5*c - g - 4*g + 45, -v*g = 4*c - 39. Does 4 divide c?
False
Suppose 7*q - 12*q = -210.